{"id":2819,"date":"2025-03-20T21:00:00","date_gmt":"2025-03-21T00:00:00","guid":{"rendered":"https:\/\/ensino.ifg.edu.br\/projetoeja\/?page_id=2819"},"modified":"2025-03-21T18:37:02","modified_gmt":"2025-03-21T21:37:02","slug":"e-book","status":"publish","type":"page","link":"https:\/\/ensino.ifg.edu.br\/projetoeja\/e-book\/","title":{"rendered":"E-book"},"content":{"rendered":"\n<p><\/p>\n\n\n\n<p>Conhe\u00e7a o e-book <em>Educa\u00e7\u00e3o de Jovens e Adultos: metodologias da aprendizagem para a educa\u00e7\u00e3o profissional<\/em>.<\/p>\n\n\n\n<p>A obra \u00e9 resultado de trabalhos realizados por cursistas da disciplina \u201cMetodologia de Ensino e Produ\u00e7\u00e3o de Material Did\u00e1tico\u201d do Projeto AlmEJA e pode ser acessada gratuitamente no site da Editora IFG: <a href=\"https:\/\/editora.ifg.edu.br\/editoraifg\/catalog\/book\/educacao-jovens-adultos\">https:\/\/editora.ifg.edu.br\/editoraifg\/catalog\/book\/educacao-jovens-adultos<\/a> . <\/p>\n\n\n\n<p>Confira!<\/p>\n\n\n\n<p><a href=\"https:\/\/ensino.ifg.edu.br\/projetoeja\/2024\/02\/29\/livro-sobre-metodologias-de-aprendizagem-para-a-educacao-profissional-e-lancado-na-reitoria\/\" data-type=\"link\" data-id=\"https:\/\/ensino.ifg.edu.br\/projetoeja\/2024\/02\/29\/livro-sobre-metodologias-de-aprendizagem-para-a-educacao-profissional-e-lancado-na-reitoria\/\">Saiba mais sobre o e-book<\/a> e <a href=\"https:\/\/ensino.ifg.edu.br\/projetoeja\/2024\/02\/29\/confira-algumas-fotos-do-lancamento-do-livro-sobre-metodologias-de-aprendizagem-para-a-educacao-profissional\/\" data-type=\"link\" data-id=\"https:\/\/ensino.ifg.edu.br\/projetoeja\/2024\/02\/29\/confira-algumas-fotos-do-lancamento-do-livro-sobre-metodologias-de-aprendizagem-para-a-educacao-profissional\/\">veja fotos<\/a> da solenidade de lan\u00e7amento da obra<\/p>\n\n\n\n<figure class=\"wp-block-image size-full\"><img loading=\"lazy\" decoding=\"async\" width=\"1600\" height=\"1066\" src=\"http:\/\/ensino.ifg.edu.br\/projetoeja\/wp-content\/uploads\/sites\/15\/2024\/04\/Livro-lancamento.jpeg\" alt=\"\" class=\"wp-image-2608\" \/><\/figure>\n","protected":false},"excerpt":{"rendered":"<p>Conhe\u00e7a o e-book Educa\u00e7\u00e3o de Jovens e Adultos: metodologias da aprendizagem para a educa\u00e7\u00e3o profissional. A obra \u00e9 resultado de trabalhos realizados por cursistas da disciplina \u201cMetodologia de Ensino e Produ\u00e7\u00e3o de Material Did\u00e1tico\u201d do Projeto AlmEJA e pode ser acessada gratuitamente no site da Editora IFG: https:\/\/editora.ifg.edu.br\/editoraifg\/catalog\/book\/educacao-jovens-adultos . Confira! Saiba mais sobre o e-book <a href=\"https:\/\/ensino.ifg.edu.br\/projetoeja\/e-book\/\" rel=\"nofollow\"><span class=\"sr-only\">Leia mais sobreE-book<\/span>[&hellip;]<\/a><\/p>\n","protected":false},"author":34,"featured_media":2608,"parent":0,"menu_order":0,"comment_status":"closed","ping_status":"closed","template":"template-fullwidth.php","meta":{"footnotes":""},"class_list":["post-2819","page","type-page","status-publish","has-post-thumbnail","hentry"],"_links":{"self":[{"href":"https:\/\/ensino.ifg.edu.br\/projetoeja\/wp-json\/wp\/v2\/pages\/2819"}],"collection":[{"href":"https:\/\/ensino.ifg.edu.br\/projetoeja\/wp-json\/wp\/v2\/pages"}],"about":[{"href":"https:\/\/ensino.ifg.edu.br\/projetoeja\/wp-json\/wp\/v2\/types\/page"}],"author":[{"embeddable":true,"href":"https:\/\/ensino.ifg.edu.br\/projetoeja\/wp-json\/wp\/v2\/users\/34"}],"replies":[{"embeddable":true,"href":"https:\/\/ensino.ifg.edu.br\/projetoeja\/wp-json\/wp\/v2\/comments?post=2819"}],"version-history":[{"count":6,"href":"https:\/\/ensino.ifg.edu.br\/projetoeja\/wp-json\/wp\/v2\/pages\/2819\/revisions"}],"predecessor-version":[{"id":2831,"href":"https:\/\/ensino.ifg.edu.br\/projetoeja\/wp-json\/wp\/v2\/pages\/2819\/revisions\/2831"}],"wp:featuredmedia":[{"embeddable":true,"href":"https:\/\/ensino.ifg.edu.br\/projetoeja\/wp-json\/wp\/v2\/media\/2608"}],"wp:attachment":[{"href":"https:\/\/ensino.ifg.edu.br\/projetoeja\/wp-json\/wp\/v2\/media?parent=2819"}],"curies":[{"name":"wp","href":"https:\/\/api.w.org\/{rel}","templated":true}]}}

<p></p>



<p>Conheça o e-book <em>Educação de Jovens e Adultos: metodologias da aprendizagem para a educação profissional</em>.</p>



<p>A obra é resultado de trabalhos realizados por cursistas da disciplina “Metodologia de Ensino e Produção de Material Didático” do Projeto AlmEJA e pode ser acessada gratuitamente no site da Editora IFG: <a href="https://editora.ifg.edu.br/editoraifg/catalog/book/educacao-jovens-adultos">https://editora.ifg.edu.br/editoraifg/catalog/book/educacao-jovens-adultos</a> . </p>



<p>Confira!</p>



<p><a href="https://ensino.ifg.edu.br/projetoeja/2024/02/29/livro-sobre-metodologias-de-aprendizagem-para-a-educacao-profissional-e-lancado-na-reitoria/" data-type="link" data-id="https://ensino.ifg.edu.br/projetoeja/2024/02/29/livro-sobre-metodologias-de-aprendizagem-para-a-educacao-profissional-e-lancado-na-reitoria/">Saiba mais sobre o e-book</a> e <a href="https://ensino.ifg.edu.br/projetoeja/2024/02/29/confira-algumas-fotos-do-lancamento-do-livro-sobre-metodologias-de-aprendizagem-para-a-educacao-profissional/" data-type="link" data-id="https://ensino.ifg.edu.br/projetoeja/2024/02/29/confira-algumas-fotos-do-lancamento-do-livro-sobre-metodologias-de-aprendizagem-para-a-educacao-profissional/">veja fotos</a> da solenidade de lançamento da obra</p>



<figure class="wp-block-image size-full"><img loading="lazy" decoding="async" width="1600" height="1066" src="http://ensino.ifg.edu.br/projetoeja/wp-content/uploads/sites/15/2024/04/Livro-lancamento.jpeg" alt="" class="wp-image-2608" /></figure>

<p>Conheça o e-book Educação de Jovens e Adultos: metodologias da aprendizagem para a educação profissional. A obra é resultado de trabalhos realizados por cursistas da disciplina “Metodologia de Ensino e Produção de Material Didático” do Projeto AlmEJA e pode ser acessada gratuitamente no site da Editora IFG: https://editora.ifg.edu.br/editoraifg/catalog/book/educacao-jovens-adultos . Confira! Saiba mais sobre o e-book <a href="https://ensino.ifg.edu.br/projetoeja/e-book/" rel="nofollow"><span class="sr-only">Leia mais sobreE-book</span>[&hellip;]</a></p>
