{"id":200,"date":"2020-04-22T11:51:01","date_gmt":"2020-04-22T14:51:01","guid":{"rendered":"http:\/\/ensino.ifg.edu.br\/envolver\/?page_id=200"},"modified":"2020-04-22T11:55:21","modified_gmt":"2020-04-22T14:55:21","slug":"reitoria-2","status":"publish","type":"page","link":"https:\/\/ensino.ifg.edu.br\/envolver\/reitoria-2\/","title":{"rendered":"Reitoria"},"content":{"rendered":"<blockquote>\n<h3><a href=\"https:\/\/www.ifg.edu.br\/component\/content\/article?id=17757:alunos-e-servidores-do-ifg-aparecida-tem-servico-psicologico-a-distancia-no-periodo-de-isolamento\" target=\"_blank\">Alunos e servidores do IFG Aparecida t\u00eam servi\u00e7o psicol\u00f3gico a dist\u00e2ncia no per\u00edodo de isolamento<\/a><\/h3>\n<p>O atendimento \u00e9 oferecido pelas coordena\u00e7\u00f5es de Assist\u00eancia Estudantil e de Recursos Humanos e Assist\u00eancia Social, enquanto durar a suspens\u00e3o do calend\u00e1rio acad\u00eamico<\/p><\/blockquote>\n<hr \/>\n<blockquote><p><a href=\"http:\/\/ifg.edu.br\/component\/content\/article\/17-ifg\/ultimas-noticias\/17624-o-artista-e-voce-estudante-do-ifg\" target=\"_blank\"><img decoding=\"async\" class=\"img-polaroid img-fulltext-left caption\" title=\"A\u00e7\u00e3o institucional conta com apoio do DCE do IFG\" src=\"http:\/\/ifg.edu.br\/images\/o-artista-e-vc-destaque.png\" alt=\"A\u00e7\u00e3o institucional conta com apoio do DCE do IFG\" \/><\/a><\/p><\/blockquote>\n<hr \/>\n<blockquote>\n<h3><a href=\"http:\/\/www.ifg.edu.br\/component\/content\/article\/17-ifg\/ultimas-noticias\/17622-participacao-na-iniciacao-cientifica-estudantes\" target=\"_blank\">Estudo mostra que a participa\u00e7\u00e3o na inicia\u00e7\u00e3o cient\u00edfica contribui na vida acad\u00eamica e profissional de estudantes<\/a><\/h3>\n<p>A pesquisa investigou as perspectivas dos alunos do C\u00e2mpus Goi\u00e2nia sobre a inicia\u00e7\u00e3o cient\u00edfica<\/p><\/blockquote>\n<hr \/>\n<blockquote>\n<h3><a href=\"https:\/\/www.ifg.edu.br\/component\/content\/article\/17-ifg\/ultimas-noticias\/17610-reuniao-comite-operativo\" target=\"_blank\">Sa\u00fade mental e fortalecimento das a\u00e7\u00f5es contra o coronav\u00edrus s\u00e3o temas de reuni\u00e3o no IFG<\/a><\/h3>\n<p>Comit\u00ea Operativo de Emerg\u00eancia da Institui\u00e7\u00e3o realizou, nesta segunda-feira, reuni\u00e3o para avaliar a\u00e7\u00f5es desenvolvidas na Institui\u00e7\u00e3o<\/p><\/blockquote>\n<hr \/>\n<blockquote><p><a href=\"http:\/\/ifg.edu.br\/component\/content\/article\/17-ifg\/ultimas-noticias\/17623-psicologa-do-ifg-alerta-para-a-importancia-da-aceitacao-da-situacao-e-do-equilibrio-pessoal\" target=\"_blank\"><img decoding=\"async\" class=\"img-polaroid img-fulltext-left \" title=\"\" src=\"http:\/\/ifg.edu.br\/images\/livethais.png\" alt=\"imagem sem descri\u00e7\u00e3o.\" \/><\/a><\/p><\/blockquote>\n","protected":false},"excerpt":{"rendered":"<p>Alunos e servidores do IFG Aparecida t\u00eam servi\u00e7o psicol\u00f3gico a dist\u00e2ncia no per\u00edodo de isolamento O atendimento \u00e9 oferecido pelas coordena\u00e7\u00f5es de Assist\u00eancia Estudantil e de Recursos Humanos e Assist\u00eancia Social, enquanto durar a suspens\u00e3o do calend\u00e1rio acad\u00eamico Estudo mostra que a participa\u00e7\u00e3o na inicia\u00e7\u00e3o cient\u00edfica contribui na vida acad\u00eamica e profissional de estudantes A <a href=\"https:\/\/ensino.ifg.edu.br\/envolver\/reitoria-2\/\" rel=\"nofollow\"><span class=\"sr-only\">Leia mais sobreReitoria<\/span>[&hellip;]<\/a><\/p>\n","protected":false},"author":8,"featured_media":0,"parent":0,"menu_order":0,"comment_status":"closed","ping_status":"closed","template":"","meta":{"footnotes":""},"class_list":["post-200","page","type-page","status-publish","hentry"],"_links":{"self":[{"href":"https:\/\/ensino.ifg.edu.br\/envolver\/wp-json\/wp\/v2\/pages\/200"}],"collection":[{"href":"https:\/\/ensino.ifg.edu.br\/envolver\/wp-json\/wp\/v2\/pages"}],"about":[{"href":"https:\/\/ensino.ifg.edu.br\/envolver\/wp-json\/wp\/v2\/types\/page"}],"author":[{"embeddable":true,"href":"https:\/\/ensino.ifg.edu.br\/envolver\/wp-json\/wp\/v2\/users\/8"}],"replies":[{"embeddable":true,"href":"https:\/\/ensino.ifg.edu.br\/envolver\/wp-json\/wp\/v2\/comments?post=200"}],"version-history":[{"count":3,"href":"https:\/\/ensino.ifg.edu.br\/envolver\/wp-json\/wp\/v2\/pages\/200\/revisions"}],"predecessor-version":[{"id":203,"href":"https:\/\/ensino.ifg.edu.br\/envolver\/wp-json\/wp\/v2\/pages\/200\/revisions\/203"}],"wp:attachment":[{"href":"https:\/\/ensino.ifg.edu.br\/envolver\/wp-json\/wp\/v2\/media?parent=200"}],"curies":[{"name":"wp","href":"https:\/\/api.w.org\/{rel}","templated":true}]}}